(u) = -u**3 + u + 5. Let h = -36 + 32. Let k be o(h). What are the prime factors of (234/90)/(1/k)?
13
Let f be (-33)/(-18) - 1*(-1)/6. Suppose -f*z - 2*t = -54 - 164, -5*z + 580 = -2*t. Let v = -54 + z. What are the prime factors of v?
2, 3, 5
Suppose -2*l + 3*n + 34 = -n, 0 = -l - 3*n - 8. Suppose 0 = 7*h + l - 21. Suppose u - h = 0, -2*f - 4*u = f - 215. What are the prime factors of f?
3, 23
Suppose 4*z = -10*n + 9*n + 16807, -5*z + 21014 = -4*n. What are the prime factors of z?
2, 11, 191
List the prime factors of (65/(-2))/(5/(-845))*(-75 - -77).
5, 13
Suppose -2*y + 5 - 1 = 0. Suppose y*k = -k. Let v(w) = -w**2 + 2*w + 27. What are the prime factors of v(k)?
3
What are the prime factors of (4/(-6) + (-85036)/(-14))*(-6)/(-4)?
2, 5, 911
Suppose 1018*u = 1009*u + 184959. What are the prime factors of u?
20551
Suppose -285*p + 249*p = -571788. List the prime factors of p.
7, 2269
Let h(d) = -d**2 + 6*d + 15. Let y be h(7). Suppose y*g - 4194 + 1330 = 0. List the prime factors of g.
2, 179
Suppose -2*j = -3*u - 14, 0 = 5*j - 7*j + u + 10. Suppose 225 + 771 = j*c. What are the prime factors of c?
3, 83
Let r(v) = 16*v**3 + 5*v**2 - 22*v - 8. Suppose 54*a + 21 = 61*a. What are the prime factors of r(a)?
13, 31
Let m = -38 + 33. Let o(i) = -2*i - 8. Let w be o(m). Suppose w*r + r - 339 = 0. What are the prime factors of r?
113
Let x = 57 + -52. Suppose 2*j - z = 9, -5*j + 23 = -5*z + 2*z. Suppose -79 + j = -x*l. What are the prime factors of l?
3, 5
Let l(c) = 164*c**3 + 5*c**2 + 10*c - 52. What are the prime factors of l(3)?
4451
Suppose 121*j - 408 = 138*j. Let o(r) = 2*r**2 + 9*r + 43. List the prime factors of o(j).
11, 89
Suppose -25*c - 4224 = -29*c. Suppose -2*s - 1056 = -3*k, 3*k = -4*s + 7*s + c. What are the prime factors of k?
2, 11
Suppose -m + 34 = 3*o, 0 = -2*o - 3*o + m + 46. What are the prime factors of (-2 - o)/((-12)/486)?
2, 3
Suppose 60 - 36 = 3*g. Suppose 5*o = g*o - 1077. List the prime factors of o.
359
What are the prime factors of (-490926)/(-17) - 8/40*(1 - -9)?
2, 7219
Let i = 12438 - 6820. What are the prime factors of i?
2, 53
Suppose 44*c - 49*c - 2*l + 82492 = 0, 6 = l. What are the prime factors of c?
2, 1031
Let i be ((-19)/(-3) - 2/6) + 1121. Let r = i + 278. What are the prime factors of r?
5, 281
Let p be (50/20)/((-2)/(-12)). Suppose -4 = -6*i + 4*i. Suppose 25 = i*s + p. List the prime factors of s.
5
Suppose 0 = -159*u + 504*u - 16637970. List the prime factors of u.
2, 24113
Let q(m) = -m + 117. Let w be (69/(-4 + 1))/((-5)/(-5)). List the prime factors of q(w).
2, 5, 7
Suppose 0*u = -g - 3*u + 132, -464 = -4*g + 4*u. What are the prime factors of (-2 + 28/5)*30400/g?
2, 3, 19
Let j be -9 + (-35630)/(-21) + 2/6. Suppose -5*y - 3*h + 1270 = -2943, 2*y - j = -4*h. List the prime factors of y.
2, 421
Let j(p) = p**2 - 7*p - 3. Suppose 6 + 15 = -3*d. Let b be j(d). Let l = -54 + b. List the prime factors of l.
41
Suppose 3*o - 9*o = -66. Let x(f) = f**2 + 0 + 9 - 9 - o*f. What are the prime factors of x(14)?
2, 3, 7
Let t = -19921 - -32141. List the prime factors of t.
2, 5, 13, 47
What are the prime factors of ((-96)/(-28))/((-31)/(-56854))?
2, 3, 131
Let p = 7140 - 4837. What are the prime factors of p?
7, 47
Let u = 324 - -301. Suppose 7*o - 1433 = u. What are the prime factors of o?
2, 3, 7
Let a = 14124 - 8671. List the prime factors of a.
7, 19, 41
Suppose a - 2*p = 38246, 16*p - 11*p = 2*a - 76500. What are the prime factors of a?
2, 5, 3823
Let b be (6/10)/((-2)/(-30)). Suppose -b*m + 16*m = 105. Suppose 7*y + 4*f - 12 = 3*y, m = 5*y + 3*f. List the prime factors of y.
3
Suppose 14*h - 147938 = -4911 + 12191. List the prime factors of h.
11087
Let d be (-27)/2*(-2 - (-12)/9). Suppose -d*b = -0*b - 1962. Suppose -2*s + s = -h + 109, 2*h = -s + b. List the prime factors of h.
109
Suppose -3 = 2*c - 4*p + 5, 0 = 4*c + 4*p + 4. Let q(t) = 24*t**2 + 1. Let o(i) = -23*i**2 + i. Let f(b) = c*q(b) - 3*o(b). What are the prime factors of f(3)?
2, 89
Let v(n) = 39*n**2 - 22*n + 189. List the prime factors of v(-18).
3, 13, 113
Suppose -6*y + 8*y = 532. Let t = -113 + y. Suppose 5*z = 2*z + t. List the prime factors of z.
3, 17
Suppose -17*k + 11*k = 192. Let b = 37 + k. Suppose 955 = b*u + 5*d, 0*d + 779 = 4*u + d. List the prime factors of u.
2, 7
Suppose -5*i + 20 = 2*k, i - 5 = -5*k - 1. Suppose 1650 = 5*t - 5*f, 8*f - 654 = -2*t + i*f. List the prime factors of t.
7, 47
Let u = 4303 - -2088. Suppose 0 = 57*j - 46*j - u. List the prime factors of j.
7, 83
Let m(b) = -b**3 - 3*b**2 + 5*b - 7. Let q be m(-5). Let o be -6*(-1)/(-2) - -21. Let r = q + o. What are the prime factors of r?
2, 3
List the prime factors of 163926/15 + 864/(-135) + (6 - 0).
2, 683
Suppose 30*o + 245 = 79*o. What are the prime factors of ((-1334)/o)/(6/(-15))?
23, 29
What are the prime factors of ((-14988)/(-96))/(5/(-19520)*-8)?
61, 1249
Let m be (-58)/(-4)*(-1276)/(-22). Suppose 2*q + 2*q - 3*k = 659, 2*k = -5*q + m. What are the prime factors of q?
167
Let g(y) = -2*y**3 - 3*y**2 - 3*y + 2. Let c be g(3). Suppose 2*z + 0*z + 100 = -5*s, -z - 20 = s. List the prime factors of (1/(-5)*c)/((-4)/s).
2, 11
Suppose b = -18 + 70. Suppose 64*p - 14496 = b*p. List the prime factors of p.
2, 151
Suppose 11*a - 16*a = 305. Let p = 17 + a. Let d = 130 + p. List the prime factors of d.
2, 43
Suppose -19*m - 4*m - 4991 = 0. Let a = 268 + 115. Let i = a + m. List the prime factors of i.
2, 83
Let d = 120 - 124. List the prime factors of 8 + (-11921)/(-28) + (-1)/d.
2, 7, 31
Let q = 73702 + -33357. List the prime factors of q.
5, 8069
Suppose -d = 2644 - 4673 - 4086. List the prime factors of d.
5, 1223
Suppose 0 = r + 3*b - 3293, -5*r + 2*b + 13736 = -2712. What are the prime factors of r?
2, 5, 7, 47
Suppose -98*h + 97*h + 3728 = p, -3722 = -p + 5*h. List the prime factors of p.
3727
Suppose -5*s = -h - 8, -2 = 5*h + s - 14. Suppose -h*t + 12 = 2*t, -i + 4*t = -1111. What are the prime factors of i?
1123
Suppose 3 = 3*m, -3*r + 99 = -0*r - 3*m. Suppose 5*f + o = 661, -171 = -f + o - r. List the prime factors of f.
7, 19
Let o = -23 + 27. Suppose -s = 4*v - 2*v - 2, -4*v = 3*s + o. List the prime factors of 450/4 - 4/s.
113
Let w be ((-3)/(-6))/((-3)/(-30)). Suppose 0*t + 3*t = 3*r + 42, -w*r = -4*t + 71. List the prime factors of (760/r)/(-1) + (-1)/(-3).
3, 17
Suppose -2*l = m - 2*m + 77, -5*l = 2*m + 197. Let n be -5 + 5*(-3)/(-15). What are the prime factors of (n - -3)*(l - (-1 - 2))?
2, 3
Let r(c) be the second derivative of -c**4/12 + 11*c**3/3 - 15*c**2 + 93*c. Suppose -3*w + 5*d = -59, 0 = 3*w - d + 6*d - 19. List the prime factors of r(w).
3, 29
Let i(c) = -c**3 + 4*c**2 + 11*c - 6. Let u be i(7). Let a = 165 - 163. List the prime factors of -3 - (0 + a + u).
71
Suppose -5*c - 3*k - 28 = 0, 3*c - 4*k = -k - 12. Suppose 3 = -24*z + 22*z - f, 3*z + 3*f + 12 = 0. List the prime factors of 115/(25/c)*-1*z.
23
Suppose 15 = -5*n, 0 = 4*j - 9*j - 4*n - 1552. Let f = j - -525. List the prime factors of f.
7, 31
What are the prime factors of (-3 - 25)/(-4) + (-9342)/(-6)?
2, 17, 23
Suppose -5988 = -h + 19*t - 18*t, -h = -3*t - 5984. What are the prime factors of h?
2, 5, 599
Let v(a) = 2*a**2 + 34*a + 25. Let t be v(-11). Let r = 237 - t. List the prime factors of r.
2, 43
Let x(r) = 3*r**2 + 3*r**3 - 38*r - 34*r + 56 + 51*r - 9*r**2 + 46. What are the prime factors of x(8)?
2, 3, 181
Suppose 5*s - 2*h + 595 + 178 = 0, -4*h = -16. What are the prime factors of (-26809)/s - (-4)/(-18)?
5, 7
Suppose -12 - 8 = -5*k. Suppose -217 = k*v + 2*t + 251, 2*t = -v - 117. Let h = -44 - v. What are the prime factors of h?
73
Let y be (-4170)/(-20)*4 - (-2 + 7). Let b = y - -248. List the prime factors of b.
3, 359
Suppose -11*t = 16241 + 65005. List the prime factors of t/(-48) - (-1)/8.
2, 7, 11
Let y = -244 - -249. Suppose 3*t = 4*d - 2212 + 97, 2600 = 5*d + y*t. List the prime factors of d.
3, 5, 7
Let y be (-34)/85 + 82/5. Suppose 4*v = 2*n - y, -3*n = v - 34 + 10. Suppose -1547 = -n*u + 141. What are the prime factors of u?
211
Let l(f) = -2*f**2 + 22*f + 37. Let y be l(12). Let c(a) = 4*a - 52. Let n be c(y). List the prime factors of (n - -220)/(1 + 1).
2, 5, 11
Let p(f) = -10*f + 72. Let o(x) = -10*x**2 + 5*x + 4. Let t(n) = -n**3 + 3*n**2 + 3*n